{"id":424,"date":"2018-12-04T18:20:18","date_gmt":"2018-12-04T17:20:18","guid":{"rendered":"https:\/\/diabete.lions108la.it\/lcidiabete\/?page_id=424"},"modified":"2023-08-28T12:30:03","modified_gmt":"2023-08-28T10:30:03","slug":"privacy-policy","status":"publish","type":"page","link":"https:\/\/diabete.lions108la.it\/lcidiabete\/privacy-policy\/","title":{"rendered":"Privacy Policy"},"content":{"rendered":"<h2>Chi siamo<\/h2>\n<p>L&#8217;indirizzo del nostro sito web \u00e8: https:\/\/diabete.lions108la.it\/lcidiabete.<\/p>\n<p><strong>Informativa Privacy<\/strong><\/p>\n<p>L\u2019Associazione Lions Clubs International \u2013 distretto 108La \u2013 Toscana (C.F. 92009560522) rappresentata dal Governatore Distrettuale Alberto Carradori, con sede legale e amministrativa in via Donizetti 52 &#8211;\u00a0 50018 Scandicci (Firenze) (e-mail: alberto.carradori@gmail.com) (qui di seguito solo \u201c<strong>l\u2019Associazione<\/strong>\u201d), in qualit\u00e0 di titolare del trattamento dei dati personali ai sensi della normativa vigente (Nuovo Codice Privacy: D.Lgs.196\/2013 aggiornato dal D.Lgs.101\/2018 \u00a0e\u00a0Regolamento UE 679\/2016) (d\u2019ora in avanti \u201cNormativa Applicabile\u201d) riconosce l\u2019importanza della protezione dei dati personali e considera la sua tutela uno degli obiettivi principali della propria attivit\u00e0.\u00a0 Prima di comunicare qualsiasi dato personale, l\u2019Associazione vi invita a leggere con attenzione la presente \u201c<strong>Informativa Privacy<\/strong>\u201d poich\u00e9 contiene informazioni importanti sulla tutela dei dati personali e sulle misure di sicurezza adottate per garantirne la riservatezza nel pieno rispetto della Normativa Applicabile.<\/p>\n<p>La presente Informativa Privacy, inoltre:<\/p>\n<p>si intende resa per l\u2019Associazione limitatamente al sito\u00a0 <strong><a href=\"https:\/\/diabete.lions108la.it\/lcidiabete\">https:\/\/diabete.lions108la.it\/lcidiabete\u00a0<\/a><\/strong>e sezioni derivate (\u201c<strong>Sito<\/strong>\u201d),\u00a0 mentre non si applica ad altri siti web eventualmente consultati tramite link esterni;<\/p>\n<p>\u00e8 da intendersi quale Informativa resa ai sensi dell\u2019art. 13 e dell&#8217;art.14, art. 2-quaterdecies e art.106 (Regole deontologiche per trattamenti a fini statistici o di ricerca scientifica) \u00a0della Normativa Applicabile a coloro che interagiscono con il Sito o che forniscono dati personali all\u2019Associazione anche attraverso, ad esempio, moduli di raccolta dati cartacei;<\/p>\n<p>si conforma alla Raccomandazione n. 2\/2001 relativa ai requisiti minimi per la raccolta di dati on-line nell\u2019Unione Europea, adottata il 17 maggio 2001 dal Gruppo di Lavoro Articolo 29. L\u2019Associazione informa che il trattamento dei suoi dati personali sar\u00e0 improntato ai principi di liceit\u00e0, correttezza, trasparenza, limitazione delle finalit\u00e0 e della conservazione, minimizzazione dei dati, esattezza, integrit\u00e0 e riservatezza. I suoi dati personali verranno pertanto trattati in accordo alle disposizioni legislative della Normativa applicabile e degli obblighi di riservatezza ivi previsti.<\/p>\n<p><strong>TITOLARE DEL TRATTAMENTO DATI PERSONALI e RESPONSABILE DELLA PROTEZIONE DEI DATI PERSONALI o DPO\u00a0\u00a0\u00a0\u00a0\u00a0<\/strong><\/p>\n<p>Alla luce della Normativa Applicabile, Titolare del trattamento del Sito \u00e8 l\u2019Associazione Lions Clubs International \u2013 distretto 108La \u2013 Toscana\u00a0 (C.F. 92009560522) con sede legale e amministrativa come pi\u00f9 sopra definito. Per qualunque informazione inerente il trattamento dei dati personali, tra cui l\u2019elenco dei responsabili che trattano dati, si pu\u00f2 rivolgere al Titolare del trattamento, indirizzando le richieste al Responsabile della Protezione dei Dati Personali (Data Protection Officer o \u201cDPO\u201d) attraverso l\u2019indirizzo\u00a0 giuseppeguerra55@gmail.com.<\/p>\n<p><strong>I DATI PERSONALI OGGETTO DI TRATTAMENTO<\/strong><\/p>\n<p>Per \u201cDati Personali\u201d si intende qualsiasi informazione riguardante una persona fisica identificata o identificabile con particolare riferimento a un identificativo come il nome, un numero di identificazione, dati relativi all\u2019ubicazione, un identificativo online o a uno o pi\u00f9 elementi caratteristici della sua identit\u00e0 fisica, fisiologica, psichica, economica, culturale o sociale.\u00a0\u00a0\u00a0 I Dati Personali raccolti dal Sito sono i seguenti:<\/p>\n<p><u>Dati di navigazione<\/u><\/p>\n<p>I sistemi informatici del Sito raccolgono alcuni Dati Personali la cui trasmissione \u00e8 implicita nell\u2019uso dei protocolli di comunicazione di Internet. Si tratta di informazioni che non sono raccolte per essere associate a Lei, ma che per loro stessa natura potrebbero, attraverso elaborazioni ed associazioni con dati detenuti da terzi, permettere di identificarti. Tra questi ci sono gli indirizzi IP o i nomi a dominio dei dispositivi utilizzati per connetterti al <strong>Sito<\/strong>, gli indirizzi in notazione URI (Uniform Resource Identifier) delle risorse richieste, l\u2019orario della richiesta, il metodo utilizzato nel sottoporre la richiesta al server, la dimensione del file ottenuto in risposta, il codice numerico indicante lo stato della risposta data dal server (buon fine, errore, ecc.) ed altri parametri relativi al tuo sistema operativo e ambiente informatico. Questi dati vengono utilizzati al fine di ricavare informazioni statistiche anonime sull\u2019uso del <strong>Sito<\/strong>e per controllarne il corretto funzionamento; per permettere \u2013 vista l\u2019architettura dei sistemi utilizzati \u2013 la corretta erogazione delle varie funzionalit\u00e0 da Lei richieste, per ragioni di sicurezza e di accertamento di responsabilit\u00e0 in caso di ipotetici reati informatici ai danni del Sito o di terzi e vengono cancellati dopo 7 giorni.<\/p>\n<p><u>Dati forniti volontariamente<\/u><\/p>\n<p>Attraverso i siti (es. inviando una e-mail agli indirizzi che compaiono sul <strong>Sito<\/strong>) o attraverso moduli di raccolta dati cartacei o informativi, Lei ha la possibilit\u00e0 di fornire volontariamente Dati Personali come ad esempio il nome, il cognome, l\u2019indirizzo, il telefono, la data di nascita, il codice fiscale, l\u2019e-mail, etc. per richiedere informazioni. L\u2019Associazione tratter\u00e0 questi dati nel rispetto della Normativa Applicabile, assumendo che siano riferiti a Lei o a terzi soggetti che l\u2019hanno espressamente autorizzato a conferirli in base ad un\u2019idonea base giuridica che legittima il trattamento dei dati in questione. Rispetto a tali ipotesi, si pone come autonomo titolare del trattamento, assumendosi tutti gli obblighi e le responsabilit\u00e0 di legge. In tal senso, conferisce sul punto la pi\u00f9 ampia manleva rispetto ad ogni contestazione, pretesa, richiesta di risarcimento del danno da trattamento, etc. che dovesse pervenire all\u2019Associazione da terzi soggetti i cui Dati Personali siano stati trattati attraverso il suo utilizzo del Sito in violazione della Normativa Applicabile.<\/p>\n<p><strong>FINALITA\u2019, BASE GIURIDICA E NATURA OBBLIGATORIA O FACOLTATIVA DEL TRATTAMENTO<\/strong><\/p>\n<p>I Dati Personali che Lei fornisce attraverso il Sito o attraverso la compilazione di moduli cartacei saranno trattati dall\u2019Associazione per le seguenti finalit\u00e0:<\/p>\n<p>a) valutazione, attraverso la compilazione del questionario FINDRISC, accessibile sul Sito dell\u2019Associazione sopra indicato, del rischio da parte dell\u2019utente di acquisire la patologia diabetica, senza possibilit\u00e0 di identificare l\u2019utente stesso cio\u00e8 in forma anonima;<\/p>\n<p>b) finalit\u00e0 di ricerche\/analisi statistiche su dati aggregati in forma anonima, senza dunque possibilit\u00e0 di identificare l\u2019utente, volti a produrre elementi di valutazione del rischio di acquisire la patologia diabetica da parte della popolazione toscana, oggetto del progetto di screening;<\/p>\n<p>c) finalit\u00e0 di ricerche\/analisi statistiche su dati aggregati in forma anonima, senza dunque possibilit\u00e0 di identificare l\u2019utente, per misurare il funzionamento del Sito, misurare il traffico e valutare usabilit\u00e0 e interesse.<\/p>\n<p>La base legale del trattamento di Dati Personali per le finalit\u00e0 di cui ai punti a) e b) \u00e8 l\u2019erogazione di un servizio facoltativo o il riscontro ad una richiesta dell\u2019utente, che non richiedono il consenso ai sensi della Normativa Applicabile.<br \/>\nLa finalit\u00e0 di cui ai punti sopra indicati non comporta il trattamento di Dati Personali.<\/p>\n<p><strong>DESTINATARI<\/strong><\/p>\n<p>Ai suoi Dati Personali potranno accedere, per le finalit\u00e0 specificate al punto 3:<\/p>\n<p>a) soggetti necessari per l\u2019erogazione dei servizi offerti dal Sito tra cui a titolo esemplificativo e non esaustivo, l\u2019invio di e-mail, il servizio di newsletter e l\u2019analisi del funzionamento del Sito, oltre che tutti quei soggetti pubblici e privati cui la comunicazione sia necessaria per il corretto adempimento delle finalit\u00e0 di cui al punto 3) e che hanno assunto un adeguato obbligo legale di riservatezza, che agiscono tipicamente in qualit\u00e0 di autonomi titolari o responsabili del trattamento dell\u2019Associazione (il cui elenco aggiornato \u00e8 disponibile contattando il Responsabile della Protezione dei Dati Personali all\u2019indirizzo giuseppeguerra55@gmail.com);<\/p>\n<p>b) soggetti pubblici e privati, autorizzati dall\u2019Associazione e interessati ai dati raccolti, in forma anonima, per valutazioni epidemiologiche e\/o sanitarie, secondo il corretto adempimento delle finalit\u00e0 di cui al punto 3) e che hanno assunto un adeguato obbligo legale di riservatezza;<\/p>\n<p>(a. \u00a0b. \u00a0sono collettivamente i \u201cDestinatari\u201d);<\/p>\n<p>c) autorit\u00e0 giurisdizionali nell\u2019esercizio delle loro funzioni quando richiesto dalla Normativa Applicabile.<\/p>\n<p>I suoi Dati Personali non saranno oggetto di diffusione.<\/p>\n<p><strong>TRASFERIMENTI<\/strong><\/p>\n<p>I suoi Dati Personali non saranno trasferiti a Destinatari al di fuori dello Spazio Economico Europeo. Nel caso lo fossero in un futuro, l\u2019Associazione assicura che il trattamento elettronico e cartaceo dei suoi Dati Personali avverr\u00e0 nel rispetto della Normativa Applicabile. Invero, i trasferimenti si baseranno alternativamente su una decisione di adeguatezza o sulle Standard Model Clauses approvate dalla Commissione Europea. Maggiori informazioni e copia di questi accordi saranno reperibili presso il Titolare del trattamento dei dati personali, contattando il Responsabile della Protezione dei Dati Personali.<\/p>\n<p><strong>CONSERVAZIONE DEI DATI<\/strong><\/p>\n<p>L\u2019Associazione tratter\u00e0 i suoi Dati Personali per il tempo strettamente necessario a raggiungere gli scopi indicati al punto 3). Maggiori informazioni in merito al periodo di conservazione dei Dati Personali e ai criteri utilizzati per determinare tale periodo possono essere richieste scrivendo all\u2019Associazione contattando il Responsabile della Protezione dei Dati Personali.<\/p>\n<p><strong>MISURE DI SICUREZZA<\/strong><\/p>\n<p>L\u2019Associazione adotta idonee e preventive misure di sicurezza atte a salvaguardare la riservatezza, l\u2019integrit\u00e0, la completezza, la disponibilit\u00e0 dei dati personali. L\u2019Associazione ha messo in atto misure tecniche, logistiche e organizzative con l\u2019obiettivo di prevenire, impedire o limitare il rischio di perdite, alterazioni o utilizzo improprio di Dati.<\/p>\n<p><strong>I DIRITTI<\/strong><\/p>\n<p>Ha il diritto di ottenere dall\u2019Associazione, nei casi previsti, l\u2019accesso ai dati personali e la rettifica o la cancellazione degli stessi o la limitazione del trattamento che li riguarda o di opporsi al trattamento (artt. 15 e ss. del Regolamento). L\u2019apposita istanza all\u2019Associazione \u00e8 presentata contattando il Responsabile della protezione dei dati.<\/p>\n<p>Le richieste vanno rivolte al Responsabile della Protezione dei Dati Personali dell\u2019Associazione, e-mail privacy@lions108la.it.<\/p>\n<p>Ai sensi della Normativa Applicabile, ha in ogni caso il diritto di proporre reclamo all\u2019autorit\u00e0 di controllo competente (Garante per la Protezione dei Dati Personali) come previsto dall\u2019art. 77 del Regolamento stesso, o di adire le opportune sedi giudiziarie (art. 79 del Regolamento).<\/p>\n<p><strong>MODIFICHE<\/strong><\/p>\n<p>La presente Privacy Policy \u00e8 in vigore dal maggio 2018. L\u2019Associazione si riserva di modificarne o semplicemente aggiornarne il contenuto, in parte o completamente, anche a causa di variazioni della Normativa Applicabile. L\u2019Associazione la informer\u00e0 di tali variazioni non appena verranno introdotte e saranno vincolanti non appena pubblicate sul Sito. L\u2019Associazione la invita quindi a visitare con regolarit\u00e0 questa sezione per prendere cognizione della pi\u00f9 recente ed aggiornata versione della Privacy Policy in modo che sia sempre aggiornato sui dati raccolti e sull\u2019uso che ne fa l\u2019Associazione.<\/p>\n<p>&nbsp;<\/p>\n","protected":false},"excerpt":{"rendered":"<p>Chi siamo L&#8217;indirizzo del nostro sito web \u00e8: https:\/\/diabete.lions108la.it\/lcidiabete. Informativa Privacy L\u2019Associazione Lions Clubs International \u2013 distretto 108La \u2013 Toscana (C.F. 92009560522) rappresentata dal Governatore Distrettuale Alberto Carradori, con sede legale e amministrativa in via Donizetti 52 &#8211;\u00a0 50018 Scandicci (Firenze) (e-mail: alberto.carradori@gmail.com) (qui di seguito solo \u201cl\u2019Associazione\u201d), in qualit\u00e0 di titolare del trattamento dei &#8230; Leggi tutto<\/p>\n","protected":false},"author":1,"featured_media":0,"parent":0,"menu_order":0,"comment_status":"closed","ping_status":"closed","template":"","meta":[],"_links":{"self":[{"href":"https:\/\/diabete.lions108la.it\/lcidiabete\/wp-json\/wp\/v2\/pages\/424"}],"collection":[{"href":"https:\/\/diabete.lions108la.it\/lcidiabete\/wp-json\/wp\/v2\/pages"}],"about":[{"href":"https:\/\/diabete.lions108la.it\/lcidiabete\/wp-json\/wp\/v2\/types\/page"}],"author":[{"embeddable":true,"href":"https:\/\/diabete.lions108la.it\/lcidiabete\/wp-json\/wp\/v2\/users\/1"}],"replies":[{"embeddable":true,"href":"https:\/\/diabete.lions108la.it\/lcidiabete\/wp-json\/wp\/v2\/comments?post=424"}],"version-history":[{"count":6,"href":"https:\/\/diabete.lions108la.it\/lcidiabete\/wp-json\/wp\/v2\/pages\/424\/revisions"}],"predecessor-version":[{"id":3809,"href":"https:\/\/diabete.lions108la.it\/lcidiabete\/wp-json\/wp\/v2\/pages\/424\/revisions\/3809"}],"wp:attachment":[{"href":"https:\/\/diabete.lions108la.it\/lcidiabete\/wp-json\/wp\/v2\/media?parent=424"}],"curies":[{"name":"wp","href":"https:\/\/api.w.org\/{rel}","templated":true}]}}